j(2).
36
Let s(f) = -19*f**2 - 31*f - 11. Let v(d) = 12*d**2 + 20*d + 7. Let p(n) = 5*s(n) + 8*v(n). Determine p(-4).
-3
Let m(s) = 2*s**2 + 57*s - 537. Let o be m(-36). Let n(l) be the first derivative of 1 + 2*l**2 + 3*l + 1/3*l**o. Give n(-2).
-1
Let l(y) = -19*y**3 - 40*y**2 - 106*y + 112. Let x(t) = 7*t**3 + 13*t**2 + 35*t - 38. Let q(z) = 4*l(z) + 11*x(z). Give q(19).
11
Suppose 2*h + 2*h - 6*o = -58, o - 6 = -3*h. Let f(x) = -22*x**3 - 2*x**2 + 7*x + 8. Calculate f(h).
21
Let t(f) = 5*f - 56. Let b = -3152 - -3163. What is t(b)?
-1
Let j(g) = -g**3 + 11*g**2 - 12*g + 25. Let u be ((-5)/15)/(49/(-1407)) - (-6)/14. Determine j(u).
5
Let w(m) = m**3 + 8*m**2 + 7*m + 53. Let k = 9872 - 9880. Calculate w(k).
-3
Let c(u) = -u**3 - 5*u**2 + u - 26. Let t be c(-6). Let v(n) = 3687 + 0*n - t*n - 3681. Determine v(4).
-10
Let r(p) = -p + 3 + 3*p + 8*p + 5*p**2 - p**3 + 0*p. Suppose -194*s + 114*s + 349 + 211 = 0. Determine r(s).
-25
Let h(y) = -31*y**2. Suppose 2*x = 4*n + 432, -5*n = -n + 3*x + 452. Let o = n + 111. Calculate h(o).
-31
Let u(r) be the first derivative of -1/3*r**3 - r + 231 + 0*r**2. What is u(3)?
-10
Let g(w) be the first derivative of 0*w - 1/12*w**4 + 25 + 1/40*w**5 - 10/3*w**3 + 0*w**2. Let t(h) be the third derivative of g(h). What is t(3)?
7
Suppose 145 - 68 = 11*d. Let c(l) = l - 4. Give c(d).
3
Let b(t) = -t**3 - 5*t**2 + 2*t + 24. Let d be b(-4). Let n be d*((-63)/(-12) - 5). Let s(f) = -2*f + 5. Give s(n).
5
Let w(z) be the first derivative of 5*z - 3*z**3 + 0*z**2 + 1/4*z**4 - 47. Calculate w(9).
5
Let l(v) = -v**2 - 3*v - 2. Let n be 226/(-15) + 28/420. Let t be -4 + -11 - n - (3 - 0). Calculate l(t).
-2
Let p(f) = -28*f - 280. Let r be p(-10). Let n be (11 - 2) + r/(-5). Let c(w) = -w**3 - w + 10*w**2 - 8*w - w + 5. What is c(n)?
-4
Let s(o) = -5*o - 2. Let r(t) = -t**3 - 19*t**2 - 32*t - 31. Let a be r(-16). Let n = 291 + a. Give s(n).
-22
Let f(u) = -13*u**2 + 8*u + 26. Let z(g) = -15*g**2 + 9*g + 27. Let y(c) = 7*f(c) - 6*z(c). Calculate y(5).
5
Suppose 50010 - 49767 = -27*x. Let i(b) = 9*b + 112. Calculate i(x).
31
Let a(l) = -51 - 17 + 11 - 3 - 3*l. Let o be a(-21). Let u(g) = -4*g - 1. Give u(o).
-13
Let a be (1 + -4)*(-13 + 12). Let p(j) = -a*j + j + 18*j**2 + j - 20*j**2 + 2. Calculate p(-2).
-4
Let f be (20 - 13 - 15)/(-2). Let d(n) = 3*n - 16. Calculate d(f).
-4
Let n(x) = -29*x + 3. Let a be ((-10)/15)/((-2)/9) - 0/(-4). What is n(a)?
-84
Let o(h) be the first derivative of h**7/840 + h**6/90 - h**5/20 - 5*h**4/24 - 59*h**3 + 227. Let i(d) be the third derivative of o(d). Calculate i(-4).
19
Suppose -j = -2*j - 2*w + 6, 3*w = -5*j + 16. Let l be 1 - j - (-6 - 1). Let h(m) = m**2 - 6*m + 5. What is h(l)?
5
Let j(k) = -k**2 + 7*k + 2. Suppose -3*q + 4*u = -365 - 101, -476 = -3*q + 2*u. Let s = q - 156. What is j(s)?
8
Let a(k) = -6*k**2 + 399*k - 1341. Let j be a(63). Let l(n) be the second derivative of -n**3/6 - 12*n**2 + 2*n. Give l(j).
-6
Suppose -5*v + 2*v = 21. Let g = -8 - v. Let p(m) be the second derivative of 5*m**4/12 - m**3/6 - 1735*m. Give p(g).
6
Let v(x) be the first derivative of 5*x**4/4 + 5*x**3 + 8*x**2 - x + 183. Let k(p) = 9*p**3 + 29*p**2 + 31*p. Let l(d) = 6*k(d) - 11*v(d). What is l(10)?
11
Let i(h) = -h + 1. Let m(z) = -11*z + 2. Let j(p) = -8*p + 1. Let l(d) = -4*j(d) + 3*m(d). Let x(n) = -2*i(n) + l(n). Determine x(1).
1
Let w be 3 - (1 + -1)/2. Let k(a) = 6*a**2 - 6*a - 1. Let f(r) = -22 + 18 - 3*r**2 - 25*r + 29*r**2. Let j(i) = -2*f(i) + 9*k(i). What is j(w)?
5
Let y(g) = -10*g + 20 + 3798*g**2 - 7598*g**2 + 3801*g**2. Calculate y(7).
-1
Let z = -3591 - -3588. Let v(u) = u**3 - 3*u**2 + 2*u + 2. Calculate v(z).
-58
Let d(b) = -b**3 + 4*b**2 + 5. Let y = 41 + -39. Suppose y*i - f + 19 = 7*i, -2*f = 2. Calculate d(i).
5
Let t(n) = -4*n + 3. Let k(q) = -q**3 + 12*q**2 + 11*q + 12. Let z be k(13). Let g(w) = -2*w - 23. Let s be g(z). Calculate t(s).
-17
Let g = 47 + -38. Let d be 24/g*45/(-20). Let c(y) be the second derivative of -y**4/12 - y**3 - 3*y**2 - 2*y + 9. Determine c(d).
-6
Let y(c) = -c + 2*c + 7*c. Suppose -q - 29 = 3*d - 21, -4*q = -3*d - 13. Give y(q).
8
Let o = 226 - 213. Suppose 3*p + o*f = 14*f + 17, 4*p - 40 = -3*f. Let q(m) = -m**2 + 5*m. What is q(p)?
-14
Let d(s) be the second derivative of -s**5/20 + s**4/2 - 7*s**3/6 + 5*s**2/2 + s. Suppose -3 + 15 = 4*n. Suppose -2*h - 2*x = -16, n*h - 4 = 3*x - x. Give d(h).
9
Let i(h) = h**2 + 4*h - 7. Suppose -4*x + 0*r = 4*r + 296, 4*r = -2*x - 148. Let j = -183 - -103. Let d = j - x. Determine i(d).
5
Let l(d) = d**3 + 4*d**2 - d + 4. Suppose 303 = 2*p - 3*g - 0*g, 3*p - 4*g = 453. Suppose p = 6*h + 171. Give l(h).
8
Let g(w) = -13*w + 30*w - 17*w + 306 - 8 - 14*w. Give g(21).
4
Let a(n) = n**2 + 281*n + 1369. Let l be a(-5). Let t(j) = -j**3 - 11*j**2 - j - 22. Determine t(l).
-11
Let a = -59230 - -59245. Let l(w) = 4*w**3 - 16*w**2 + 14*w - 23. Let z(c) = -c**3 + c + 1. Let p(s) = l(s) + 3*z(s). Give p(a).
10
Let l(t) = 2*t**2 + 74*t + 622. Let b be l(-23). Let o(d) = -d**2 - 25*d - 14. Determine o(b).
52
Let r(f) = -26 + f - 26 + 41*f**2 - 42*f**2 + 50 + f. Calculate r(0).
-2
Let r(i) = -2*i**3 - 2*i**2 - 2*i - 7. Let z = 7746 + -7746. Determine r(z).
-7
Let z(g) be the second derivative of g**6/720 - g**5/24 + g**4/6 + 10*g**2 - 32*g. Let h(a) be the third derivative of z(a). What is h(9)?
4
Let s(w) = 3*w**2 - 2*w**2 + 4*w + 4*w**2 - w**3. Let l(v) = v**2 - 4*v + 13. Let y be l(12). Suppose -13*i + y = 31. What is s(i)?
-12
Let u = -3 + 7. Let r = u + -7. Let k(n) be the second derivative of -n**5/20 - n**4/6 + 5*n**3/6 + 3*n**2/2 - 232*n + 15. What is k(r)?
-3
Let c(d) = 5*d - 2. Let t(a) = -105*a + 632. Let k be t(6). What is c(k)?
8
Let a be (22 - 16)*1/(-2). Let t(f) be the second derivative of -f**3/3 - 2*f**2 + 64*f. What is t(a)?
2
Let l = 1562 + -1552. Let d(o) = 1 + 14*o - 15*o - 2*o - l*o. Let y(c) = c**3 + 3*c**2 + c + 2. Let z be y(-3). Give d(z).
14
Let q(l) = l**3 - 11*l**2 + 14*l - 12. Let a(p) = 2*p**2 + 62*p + 126. Suppose -377 = -594*u + 607*u. Let c be a(u). Calculate q(c).
28
Let l(u) = u + u**3 - 6*u**2 + 3*u - 5 + u. Suppose 0 = 2*i - 5*g + 70, -2*i - 3*g - 56 = -2. Let d be 2/(-4*3/i). What is l(d)?
-5
Let w(x) be the third derivative of x**5/60 - x**4/3 + 3*x**3 + 11*x**2 - 5. Let y be w(4). Let s(a) = a**2 + 2*a + 1. Calculate s(y).
9
Let f(s) = -7*s - 46. Let h = 1881 - 1889. Determine f(h).
10
Let u(c) = c - 2. Let b(f) = -8*f + 1. Let g(r) = -b(r) + 4*u(r). Determine g(1).
3
Let t(s) = s**3 - 10*s**2 + 12*s - 17. Suppose 5*j = 5*w - 30, -2*w + j - 4*j + 22 = 0. Calculate t(w).
-49
Suppose 3*y - 5*y = u, -5*y + 8 = -y. Let g(f) = -10*f - 15. Calculate g(u).
25
Let h(a) = -a**2 + 5*a - 23. Suppose -40*m = 576*m - 6776. Calculate h(m).
-89
Let t(a) = -3 + 31*a - 4*a - 14*a - 11*a. Let b(c) = -c**2 + 11*c - 20. Let x be b(8). Calculate t(x).
5
Let a(c) = -91*c**2 + 11*c + 7. Let b(w) = -73*w**2 + 11*w + 7. Let o(q) = -4*a(q) + 5*b(q). Calculate o(0).
7
Let a be (2 - 1) + 42/14. Let k(y) be the second derivative of y**4/12 - 5*y**3/6 - y**2/2 + 19*y. Determine k(a).
-5
Let r(t) = 10024*t**3 + 9969*t**3 - 20034*t**3 + 2*t**2 - 1. What is r(-1)?
42
Let n(c) = 23*c**3 - 7*c**2 + 5*c - 62. Let o(i) = -10*i**3 + 3*i**2 - 2*i + 31. Let h(f) = -3*n(f) - 7*o(f). Calculate h(0).
-31
Let g(j) be the first derivative of -j**3/3 + j**2 - 3*j + 2. Let h be 9/45 + (-62)/10. Let i(p) = -p**2 - 7*p - 3. Let l be i(h). What is g(l)?
-6
Let g be ((-168)/(-70))/(3 + (-32)/60*6). Let o(t) = -2*t**3 - 23*t**2 + 11*t - 10. Determine o(g).
2
Let m(g) = -9*g - 37. Let f be m(-4). Let k be (4 + 0 + -5)/f. Let i(w) = -w**3 - w**2 + 2*w - 1. Let q be i(k). Let j(s) = 2*s**2 + 1. Give j(q).
3
Let z(o) = -4*o + 2. Let l(j) = -j**3 + 5*j**2 - 4*j + 4. Let p be l(4). Let n(f) = -4*f + 4. Let v(a) = p*z(a) - 3*n(a). Calculate v(-7).
24
Suppose 3 = -9*v + 6*v. Let b be ((-12)/15)/((4/(-5))/4). Let p(z) = -4*z**2 + 4*z - 5. Let t(i) = -3*i**2 + 5*i - 6. Let c(a) = b*t(a) - 5*p(a). What is c(v)?
9
Suppose -2*s = 2*s - 3*n - 671, -4*s + 686 = 2*n. Suppose 0 = -5*b - s + 25. Let k = b + 35. Let i(f) = -f + 1. Determine i(k).
-5
Suppose 5*v + 7*v = -5*v. Let a(y) = 3*y**3 - 2*y**2 + y + 13. Let g(r) = -4*r**3 + 3*r**2 - r -